divisor of 61450 and 2900.
50
Calculate the highest common divisor of 9353 and 1831637.
47
Calculate the highest common factor of 1560 and 76489530.
390
What is the highest common divisor of 165 and 89885?
5
What is the greatest common factor of 7887297 and 3245?
649
What is the greatest common divisor of 158864976 and 3552?
1776
Calculate the highest common divisor of 44408 and 7770672.
728
Calculate the highest common divisor of 5781 and 59173.
47
What is the highest common factor of 4732 and 9477706?
14
What is the greatest common divisor of 18 and 18654318?
18
What is the highest common factor of 7524331 and 28363?
113
Calculate the greatest common divisor of 90606064 and 2341.
2341
What is the highest common factor of 4128464 and 404240?
2608
Calculate the highest common factor of 104936 and 15717.
13
What is the greatest common divisor of 1476 and 9712449?
369
Calculate the highest common divisor of 59156 and 498824.
92
What is the highest common factor of 207 and 12764799?
9
Calculate the greatest common factor of 58375790 and 85.
85
Calculate the greatest common divisor of 26761729 and 9655.
1931
Calculate the highest common divisor of 326599 and 1019179.
679
Calculate the highest common divisor of 11970 and 222180.
210
Calculate the highest common factor of 2752408 and 159248.
2152
What is the greatest common factor of 514770 and 25500?
30
What is the highest common factor of 71253352 and 12?
4
What is the greatest common factor of 1876 and 4256912?
268
What is the highest common divisor of 692910 and 3880?
10
Calculate the highest common divisor of 4488 and 1481601.
561
What is the greatest common divisor of 4123 and 8993286?
31
What is the greatest common factor of 378 and 41526?
54
What is the highest common divisor of 2 and 53708194?
2
What is the greatest common factor of 45258 and 14421?
57
What is the greatest common divisor of 4 and 1884598?
2
What is the highest common divisor of 62083 and 7508242?
1267
Calculate the highest common factor of 8409 and 7439162.
2803
What is the highest common factor of 26804532 and 120?
12
Calculate the highest common divisor of 3126978 and 2214.
54
Calculate the greatest common factor of 24425 and 2726807.
977
What is the greatest common factor of 5041 and 660915428?
5041
Calculate the greatest common factor of 20 and 5257215.
5
Calculate the highest common factor of 209615186 and 308.
22
What is the greatest common divisor of 23210 and 7587560?
2110
What is the greatest common factor of 1291653 and 3861?
297
What is the greatest common factor of 4209051 and 931?
931
Calculate the greatest common divisor of 48483 and 6966.
9
What is the highest common divisor of 320574 and 28078?
202
What is the greatest common divisor of 2974 and 7298?
2
What is the greatest common divisor of 21454 and 5064406?
1262
What is the highest common factor of 948425 and 1562490?
3215
What is the greatest common divisor of 1736 and 4398807?
217
What is the highest common factor of 145376 and 451?
11
Calculate the highest common factor of 348290 and 5673524.
2402
What is the highest common factor of 4347790 and 13790?
1970
Calculate the highest common divisor of 69502 and 405802.
2242
Calculate the highest common factor of 56 and 65354368.
8
Calculate the highest common factor of 1467 and 1781875413.
1467
What is the highest common factor of 6 and 10074609?
3
Calculate the greatest common factor of 13351056 and 24.
24
Calculate the greatest common factor of 155 and 4310395.
155
What is the highest common divisor of 272 and 18398216?
136
What is the greatest common divisor of 32 and 64584864?
32
What is the highest common divisor of 84 and 26277909?
21
What is the highest common divisor of 1297968 and 42000?
336
Calculate the greatest common divisor of 123916392 and 1944.
1944
What is the highest common factor of 443935 and 475?
95
What is the greatest common factor of 363 and 2558424?
363
What is the highest common factor of 3723 and 11100745?
1241
What is the highest common divisor of 66 and 10888053?
33
What is the greatest common divisor of 9177 and 24634127?
3059
What is the highest common divisor of 92455817 and 766?
383
Calculate the highest common divisor of 7425 and 126045.
45
Calculate the highest common factor of 1626 and 795282.
6
Calculate the greatest common divisor of 159001528 and 56.
56
Calculate the highest common factor of 7699656 and 5372.
316
Calculate the greatest common factor of 530 and 268866085.
265
What is the highest common divisor of 428225 and 6475?
175
What is the highest common factor of 80936 and 231320?
8
What is the highest common divisor of 5292 and 642708?
108
Calculate the greatest common factor of 11212750 and 375.
125
Calculate the greatest common divisor of 1960 and 249053140.
140
What is the highest common divisor of 194568 and 19215768?
2904
Calculate the greatest common divisor of 17162897 and 2.
1
Calculate the greatest common divisor of 398 and 5379965.
199
What is the highest common factor of 186854018 and 1976?
494
What is the highest common factor of 30 and 409231040?
10
What is the greatest common factor of 652 and 53261228?
652
What is the highest common factor of 85 and 11943065?
5
What is the greatest common divisor of 357 and 777971?
17
Calculate the highest common factor of 646123 and 1169.
167
What is the greatest common factor of 43808473 and 918?
17
What is the highest common factor of 108 and 570546288?
108
Calculate the greatest common factor of 13458863 and 11.
11
Calculate the greatest common divisor of 89559 and 600377.
3317
What is the highest common divisor of 66484 and 42909378?
3022
Calculate the greatest common divisor of 7942 and 1531362.
722
Calculate the greatest common divisor of 5238 and 307199.
97
Calculate the greatest common divisor of 22546845 and 765.
765
What is the highest common factor of 678986812 and 21?
7
Calculate the greatest common factor of 927 and 279201173.
103
Calculate the greatest common factor of 2463744 and 218112.
3072
Calculate the greatest common divisor of 40 and 235821840.
40
Calculate the highest common divisor of 146778 and 189074.
34
Calculate the greatest common divisor of 21349665 and 117.
9
Calculate the highest common divisor of 1578 and 103961796.
1578
Calculate the greatest common divisor of 63 and 291865581.
63
Calculate the highest common divisor of 264499 and 60211.
19
What is the highest common divisor of 351 and 41469077?
13
Calculate the greatest common factor of 286789501 and 8583.
2861
What is the highest common factor of 108713 and 28347?
11
What is the highest common factor of 5154556513 and 101?
101
What is the highest common divisor of 200 and 6889440?
40
Calculate the greatest common factor of 5689412 and 764788.
1388
Calculate the greatest common factor of 309366 and 14688.
918
Calculate the highest common divisor of 674160 and 4470.
30
What is the highest common factor of 3745 and 506431?
107
What is the greatest common factor of 9718643 and 3014?
1507
Calculate the greatest common divisor of 6036186 and 14820.
1482
Calculate the greatest common divisor of 607142946 and 31542.
4506
What is the greatest common divisor of 1395053 and 385?
11
What is the highest common divisor of 4902040 and 7540?
260
What is the greatest common factor of 13704 and 149268536?
4568
What is the greatest common factor of 576512 and 2664116?
2252
What is the greatest common factor of 2264587 and 5083?
221
What is the highest common divisor of 236436 and 4788?
228
Calculate the highest common factor of 4446235 and 355.
5
What is the greatest common divisor of 58 and 3302375?
29
What is the highest common factor of 257530 and 40040?
910
Calculate the greatest common factor of 50 and 1974880.
10
What is the greatest common factor of 3533560 and 720?
40
Calculate the greatest common factor of 37060330 and 10.
10
Calculate the greatest common factor of 71638 and 13447.
119
What is the highest common factor of 13525280 and 3040?
160
Calculate the greatest common divisor of 41490009 and 9.
9
What is the greatest common divisor of 791448 and 8344?
56
Calculate the greatest common divisor of 2920488 and 112.
8
What is the highest common factor of 586 and 59946042?
586
Calculate the highest common factor of 213157 and 1053686